f i and a.
21
Suppose -u - 2*n + 17 = 3*n, -2*u = 3*n - 41. What is the greatest common factor of u and 66?
22
Let b(o) = -o - 8. Let r be b(6). Let i = r + -16. Let d = i - -57. Calculate the greatest common factor of d and 18.
9
Let h(u) = u**2 + 61 - 11 + 118 - u**3. Let f be h(0). Suppose -3*j = -f - 42. Calculate the highest common factor of 10 and j.
10
Suppose 4*s + 2*r - 30 = -0*s, -3*s + 2*r = -40. Let p be (2 - 3) + (1 - -4). What is the highest common factor of s and p?
2
Let q = -57 + 90. Let o be (-384)/(-66) - (-6)/q. What is the greatest common divisor of 12 and o?
6
Suppose -19*v + 22*v - 42 = 0. Calculate the highest common divisor of v and 42.
14
Let c(x) = x**2 + 3*x + 9. Let o be c(-6). What is the greatest common factor of 27 and o?
27
Let d be (4 - -1) + 0/1. Let j be 4 + (1 - (-1 + d)). Let k be 15 + 2 - (j - 2). What is the greatest common factor of 45 and k?
9
Let z be (-2)/4 + (-5)/(-2). What is the highest common divisor of 12 and z?
2
Let g = -3 + 6. Let b be 6 + -1 + g + -5. Calculate the greatest common factor of b and 6.
3
Let g be (0 + 2)/(26/91). What is the highest common divisor of g and 7?
7
Suppose -g + 23 - 3 = 0. Let k be (-2019)/33 - 8/(-44). Let c = k + 91. What is the greatest common factor of c and g?
10
Let y(d) = -3*d + 3. Let x be y(-5). What is the greatest common factor of x and 12?
6
Suppose 3*a = -5*x + 124 + 249, 3*a - x = 379. Calculate the highest common divisor of 18 and a.
18
Let n = -28 - -47. Calculate the highest common divisor of 133 and n.
19
Let c = -4 - -13. Suppose -90 = 4*x - c*x. What is the highest common divisor of x and 18?
18
Suppose 3*y - 21 = 7*y + 5*t, -y + t + 6 = 0. Let i be 29/((-3 + 4)/y). Let n = 41 - i. Calculate the greatest common divisor of 60 and n.
12
Let j(a) be the third derivative of a**5/15 + a**2. Let h be j(2). Let z be 16 + (-4)/2 - -2. Calculate the highest common factor of z and h.
16
Let r = 454 + -157. What is the highest common divisor of r and 27?
27
Let b(x) = 2*x**2 - 17*x - 21. Let y be b(13). Suppose 2*a + 39 = 3*h + 7, 0 = -4*h + a + 46. Calculate the greatest common divisor of h and y.
12
Let f(m) = 11*m**2 - m. Suppose 20 = 5*h - z, -h = 2*h + 3*z - 12. Suppose 0*b = h*b - 4. Let t be f(b). What is the highest common factor of t and 110?
10
Let z be ((-6)/4)/(2/(-168)). What is the greatest common divisor of z and 18?
18
Let d(v) = 2*v**2 + 2*v + 77. Let b be d(0). Let j(z) = -3*z - 5. Let k be j(-4). What is the greatest common factor of k and b?
7
Let z be 7 + -1 + -2 + 5. Let c be (-8)/10 - 1/5. Let a be (c + 13)*33/4. What is the greatest common divisor of z and a?
9
Let r(c) = 2*c**2 + 2*c - 1. Let o be r(2). Let g = 7 + -3. Suppose -y + 230 - 49 = g*u, u = 2*y + 34. What is the greatest common divisor of o and u?
11
Let j = -1 - -13. Let x be (-7)/(-28) - 11/(-4). Suppose -2*q + 7*q + 257 = x*t, 4*t + q = 335. What is the greatest common divisor of t and j?
12
Let u = 77 + 19. Suppose -z = z - u. What is the highest common divisor of 12 and z?
12
Let c = 174 - 99. Calculate the highest common factor of c and 30.
15
Suppose 2*d + 19 + 69 = 3*y, 4*d + 144 = 5*y. Let n = y - 11. Let z = n - 14. What is the greatest common factor of z and 35?
7
Let l(b) be the second derivative of 1/3*b**3 - b + 0 + 0*b**2. Let r be l(7). Calculate the greatest common factor of r and 98.
14
Suppose 5*i - 53 = -73. Suppose 5*c + 4 - 11 = 3*r, r = 2*c - 2. Let n be (-10)/(-8) - c/i. Calculate the highest common divisor of 9 and n.
1
Let v be (-4 - 0) + 4 + 16. What is the greatest common factor of 2 and v?
2
Suppose 3*x - 42 + 15 = 0. Calculate the highest common factor of 1 and x.
1
Suppose -4*s = -4*c + 1 - 5, 5*s + 5*c = 25. Let t be (-1)/1 - (s - 26). What is the greatest common divisor of t and 33?
11
Let u = -9 + 10. Let c be -3 + (18 - (u + 1)). Suppose 0 = 2*r - 4*y - 18, -3*r - y = -r - c. What is the greatest common factor of 77 and r?
7
Let r = 0 + -4. Let m(q) = q**3 + 5*q**2 + 3*q + 6. Let j be m(r). Let v = j - 6. What is the greatest common factor of v and 20?
4
Let f(q) = -q**3 - q + 10. Let z = -2 - -2. Let l be f(z). Suppose -5*y + 22 = -78. Calculate the greatest common divisor of l and y.
10
Suppose 0 = 3*y - 4 - 2. Let h be (-18)/(6/(-2) + y). Calculate the highest common divisor of 45 and h.
9
Suppose o + 31 = 2*k, 4*k - 64 = k - 2*o. What is the highest common factor of k and 9?
9
Let y be 30/7 - (-2)/(-7). Suppose 0 = -y*t - 12, -5*d - t - 338 = -0*d. Let q = 53 - d. Calculate the highest common divisor of q and 15.
15
Suppose 0 = 9*o - 7*o - 2. What is the highest common divisor of o and 3?
1
Let j(f) = -16*f**3. Let i be j(-1). Suppose 0 = 4*n - i - 4. Calculate the highest common factor of 5 and n.
5
Let w be 1*(2 + -20 + 2). Let r be (5 + -7)/(1/w). What is the highest common factor of r and 4?
4
Let a = 1 - 1. Suppose 48 = 2*u - a. Let x be (1 + -4)/(1/(-12)). Calculate the highest common factor of u and x.
12
Let s(f) be the first derivative of -f**3/3 + 18*f + 3. Let h be s(0). Calculate the greatest common factor of h and 27.
9
Let g be 10/25 + 856/10. Let k be (-2)/7 + g/7. Calculate the highest common divisor of 12 and k.
12
Let j(h) = -2*h + 57. Let m be j(21). What is the greatest common divisor of m and 135?
15
Suppose 3*b - 30 = 18. Calculate the highest common divisor of b and 128.
16
Suppose -2*a + 6 + 22 = 0. Let v(m) = m + 21. Let z(h) = -h - 3. Let t be z(4). Let j be v(t). Calculate the greatest common divisor of j and a.
14
Let h(c) = -5*c - 6. Let t be h(-3). Suppose -45 = -3*a + 2*a. What is the highest common factor of a and t?
9
Let d(b) = 5*b**2 + 3*b - 5. Let l be d(-4). Suppose 7*r - 4*r = l. Calculate the highest common factor of 147 and r.
21
Let z(u) = u + 4 - 2 + 7. Let o be z(-8). Let y be (-6 + 1)*(-2 - o). Calculate the highest common divisor of y and 15.
15
Suppose -84 = -5*y + 186. Let q = -2 - -4. Suppose q*p - 30 = -3*p. What is the greatest common divisor of p and y?
6
Let q = -21 - -39. Let k be (-1 + 2)/((-1)/(-9)). Calculate the highest common factor of k and q.
9
Let u be 17*2 - (2 + 0). Let i = u + -45. Let m = 8 - i. What is the highest common factor of m and 7?
7
Suppose 7*r + 126 = 5*a + 3*r, 3*a + 4*r - 82 = 0. What is the highest common divisor of a and 104?
26
Suppose 2*b = 3*u - 8*u + 26, -b + 13 = -2*u. What is the greatest common divisor of b and 143?
13
Let b(s) = 7*s - 3. Let j be b(2). What is the highest common factor of j and 77?
11
Let f be 32 - 4 - (1 - -1). Let m(r) = -4*r + 1. Let o be m(-3). Calculate the highest common factor of f and o.
13
Let x(l) = l**2 - 6*l + 2. Let u be x(6). Suppose 4*q - 2*h = -h + 356, -h = u*q - 172. Calculate the greatest common factor of q and 11.
11
Let k be ((-9)/9)/((-1)/36). What is the highest common divisor of 9 and k?
9
Suppose -67 = -5*s - 4*o, -3*s + 2*s + 11 = 2*o. Let v be (-200)/16*294/(-35). What is the greatest common factor of v and s?
15
Let s(k) = -6*k + 3. Let m be s(-4). Calculate the greatest common factor of m and 81.
27
Suppose -4*t - 64 = -0*t - 5*i, 0 = 2*t + 3*i + 32. Let l be (-1)/(t/14 - -1). Calculate the greatest common divisor of l and 7.
7
Let y(v) = -v**3 + 11*v**2 - 9*v + 7. Suppose -8 = -2*b + 4. Let n be (-144)/(-14) - b/21. Let f be y(n). What is the highest common factor of 153 and f?
17
Let w = -60 + 72. Let x(f) = -f - 1. Let y be x(0). Let o be 0 + 2 + y + 47. What is the greatest common factor of w and o?
12
Suppose 0 = 7*k - 2*k - 55. What is the greatest common factor of 33 and k?
11
Suppose 622 = 3*g - 2*a - 1214, -5*a = 5*g - 3085. Suppose -3*m - 4*w = -g, -m - 3*w - 1 + 214 = 0. What is the highest common divisor of 18 and m?
18
Let o = 65 + -57. Calculate the greatest common divisor of o and 12.
4
Suppose 4*m = 0, -s - 2*m + 41 = -40. Calculate the greatest common divisor of 9 and s.
9
Suppose 3*v + 19 = 229. Suppose 5*u - v = 95. What is the highest common factor of u and 3?
3
Let d(u) = -u**3 - 5*u**2 - 6*u - 2. Let n be d(-5). Calculate the greatest common divisor of n and 4.
4
Suppose 0 = 15*a - 11*a - 512. Calculate the highest common divisor of 16 and a.
16
Let n be (0 + -9)/((-3)/2). Let y = n - 6. Suppose -h = -y*h - 9. Calculate the greatest common factor of 1 and h.
1
Let c be 5/(5 